{"id":1799,"date":"2025-01-07T05:59:29","date_gmt":"2025-01-07T05:59:29","guid":{"rendered":"https:\/\/wordpress.zozothemes.com\/wastbin\/?page_id=1799"},"modified":"2025-01-07T05:59:29","modified_gmt":"2025-01-07T05:59:29","slug":"blog-list","status":"publish","type":"page","link":"https:\/\/restart.app.br\/?page_id=1799","title":{"rendered":"Blog List"},"content":{"rendered":"\t\t<div data-elementor-type=\"wp-page\" data-elementor-id=\"1799\" class=\"elementor elementor-1799\">\n\t\t\t\t<div class=\"elementor-element elementor-element-3b5510d e-flex e-con-boxed text-reveal-no e-con e-parent\" data-id=\"3b5510d\" data-element_type=\"container\">\n\t\t\t\t\t<div class=\"e-con-inner\">\n\t\t<div class=\"elementor-element elementor-element-778fce2 e-con-full e-flex text-reveal-no e-con e-child\" data-id=\"778fce2\" data-element_type=\"container\">\n\t\t\t\t<div class=\"elementor-element elementor-element-88ae858 elementor-widget elementor-widget-ceaposts\" data-id=\"88ae858\" data-element_type=\"widget\" data-widget_type=\"ceaposts.default\">\n\t\t\t\t\n\t\t<div class=\"elementor-widget-container blog-wrapper blog-style-list blog-light blog-normal-model\">\n\t\t\n\t\t\t<div class=\"row\"><div class=\"col-lg-12 col-md-12\"><div class=\"blog-inner\"><div class=\"media\"><div class=\"post-thumb\"><a href=\"https:\/\/restart.app.br\/?p=1726\" class=\"post-image-link\"><img decoding=\"async\" src=\"https:\/\/restart.app.br\/wp-content\/uploads\/elementor\/thumbs\/blog-image2-r4idvjrk2v16n6pswsiqduft5bs1k1mlk1casb2p78.webp\" title=\"blog-image2\" alt=\"\" class=\"img-fluid squared\" \/><\/a><\/div><!-- .post-thumb --><div class=\"media-body\"><div class=\"top-meta clearfix\"><ul class=\"nav top-meta-list meta-left\"><li><div class=\"post-category\"><span class=\"before-icon fa fa-folder-o\"><\/span><a href=\"https:\/\/restart.app.br\/?cat=19\">Residential Waste<\/a><\/div><\/li><\/ul><\/div><div class=\"entry-title\"><h3 class=\"post-title-head\"><a href=\"https:\/\/restart.app.br\/?p=1726\" class=\"post-title\">Instala\u00e7\u00e3o aprovada de descarte de res\u00edduos expande capacidade<\/a><\/h3><\/div><!-- .entry-title --><div class=\"post-excerpt\"><\/div><!-- .post-excerpt --><div class=\"bottom-meta clearfix\"><ul class=\"nav bottom-meta-list meta-left\"><li><div class=\"post-date\"><a href=\"https:\/\/restart.app.br\/?m=20250107\" ><i class=\"icon icon-calendar\"><\/i> janeiro 7, 2025<\/a><\/div><\/li><\/ul><ul class=\"nav bottom-meta-list meta-right\"><li><div class=\"post-more\"><a href=\"https:\/\/restart.app.br\/?p=1726\" class=\"read-more elementor-button\">Read More<\/a><\/div><\/li><\/ul><\/div><\/div><!-- .media --><\/div><!-- .media-body --><\/div><!-- .blog-inner --><\/div><!-- .col \/ .owl-carousel-item \/ .isotope --><\/div><!-- .row --><div class=\"row\"><div class=\"col-lg-12 col-md-12\"><div class=\"blog-inner\"><div class=\"media\"><div class=\"post-thumb\"><a href=\"https:\/\/restart.app.br\/?p=1729\" class=\"post-image-link\"><img decoding=\"async\" src=\"https:\/\/restart.app.br\/wp-content\/uploads\/elementor\/thumbs\/blog-image4-r4idvjrk2v16n6pswsiqduft5bs1k1mlk1casb2p78.webp\" title=\"blog-image4\" alt=\"\" class=\"img-fluid squared img-fluid squared\" \/><\/a><\/div><!-- .post-thumb --><div class=\"media-body\"><div class=\"top-meta clearfix\"><ul class=\"nav top-meta-list meta-left\"><li><div class=\"post-category\"><span class=\"before-icon fa fa-folder-o\"><\/span><a href=\"https:\/\/restart.app.br\/?cat=20\">Retail And Institutional<\/a>,<a href=\"https:\/\/restart.app.br\/?cat=58\">Varejo e institucional<\/a><\/div><\/li><\/ul><\/div><div class=\"entry-title\"><h3 class=\"post-title-head\"><a href=\"https:\/\/restart.app.br\/?p=1729\" class=\"post-title\">Recipiente ou lixeira de gerenciamento de res\u00edduos para minha casa<\/a><\/h3><\/div><!-- .entry-title --><div class=\"post-excerpt\"><\/div><!-- .post-excerpt --><div class=\"bottom-meta clearfix\"><ul class=\"nav bottom-meta-list meta-left\"><li><div class=\"post-date\"><a href=\"https:\/\/restart.app.br\/?m=20250107\" ><i class=\"icon icon-calendar\"><\/i> janeiro 7, 2025<\/a><\/div><\/li><\/ul><ul class=\"nav bottom-meta-list meta-right\"><li><div class=\"post-more\"><a href=\"https:\/\/restart.app.br\/?p=1729\" class=\"read-more elementor-button\">Read More<\/a><\/div><\/li><\/ul><\/div><\/div><!-- .media --><\/div><!-- .media-body --><\/div><!-- .blog-inner --><\/div><!-- .col \/ .owl-carousel-item \/ .isotope --><\/div><!-- .row --><div class=\"row\"><div class=\"col-lg-12 col-md-12\"><div class=\"blog-inner\"><div class=\"media\"><div class=\"post-thumb\"><a href=\"https:\/\/restart.app.br\/?p=1732\" class=\"post-image-link\"><img decoding=\"async\" src=\"https:\/\/restart.app.br\/wp-content\/uploads\/elementor\/thumbs\/blog-image8-r4idvln8gj3raen2ltbzityqc3irzfu28an9quzwus.webp\" title=\"blog-image8\" alt=\"\" class=\"img-fluid squared img-fluid squared img-fluid squared\" \/><\/a><\/div><!-- .post-thumb --><div class=\"media-body\"><div class=\"top-meta clearfix\"><ul class=\"nav top-meta-list meta-left\"><li><div class=\"post-category\"><span class=\"before-icon fa fa-folder-o\"><\/span><a href=\"https:\/\/restart.app.br\/?cat=55\">Aluguel de ca\u00e7amba de lixo<\/a><\/div><\/li><\/ul><\/div><div class=\"entry-title\"><h3 class=\"post-title-head\"><a href=\"https:\/\/restart.app.br\/?p=1732\" class=\"post-title\">Embalagens sustent\u00e1veis: como as marcas podem reduzir o desperd\u00edcio<\/a><\/h3><\/div><!-- .entry-title --><div class=\"post-excerpt\"><\/div><!-- .post-excerpt --><div class=\"bottom-meta clearfix\"><ul class=\"nav bottom-meta-list meta-left\"><li><div class=\"post-date\"><a href=\"https:\/\/restart.app.br\/?m=20250107\" ><i class=\"icon icon-calendar\"><\/i> janeiro 7, 2025<\/a><\/div><\/li><\/ul><ul class=\"nav bottom-meta-list meta-right\"><li><div class=\"post-more\"><a href=\"https:\/\/restart.app.br\/?p=1732\" class=\"read-more elementor-button\">Read More<\/a><\/div><\/li><\/ul><\/div><\/div><!-- .media --><\/div><!-- .media-body --><\/div><!-- .blog-inner --><\/div><!-- .col \/ .owl-carousel-item \/ .isotope --><\/div><!-- .row --><div class=\"row\"><div class=\"col-lg-12 col-md-12\"><div class=\"blog-inner\"><div class=\"media\"><div class=\"post-thumb\"><a href=\"https:\/\/restart.app.br\/?p=1735\" class=\"post-image-link\"><img decoding=\"async\" src=\"https:\/\/restart.app.br\/wp-content\/uploads\/elementor\/thumbs\/blog-image6-r4idvkpe9p2gysofraxcyc79qpnerqqbw5zs9l1b10.webp\" title=\"blog-image6\" alt=\"\" class=\"img-fluid squared img-fluid squared img-fluid squared img-fluid squared\" \/><\/a><\/div><!-- .post-thumb --><div class=\"media-body\"><div class=\"top-meta clearfix\"><ul class=\"nav top-meta-list meta-left\"><li><div class=\"post-category\"><span class=\"before-icon fa fa-folder-o\"><\/span><a href=\"https:\/\/restart.app.br\/?cat=54\">Descarte Comercial<\/a><\/div><\/li><\/ul><\/div><div class=\"entry-title\"><h3 class=\"post-title-head\"><a href=\"https:\/\/restart.app.br\/?p=1735\" class=\"post-title\">O impacto ambiental do dep\u00f3sito impr\u00f3prio de lixo<\/a><\/h3><\/div><!-- .entry-title --><div class=\"post-excerpt\"><\/div><!-- .post-excerpt --><div class=\"bottom-meta clearfix\"><ul class=\"nav bottom-meta-list meta-left\"><li><div class=\"post-date\"><a href=\"https:\/\/restart.app.br\/?m=20250107\" ><i class=\"icon icon-calendar\"><\/i> janeiro 7, 2025<\/a><\/div><\/li><\/ul><ul class=\"nav bottom-meta-list meta-right\"><li><div class=\"post-more\"><a href=\"https:\/\/restart.app.br\/?p=1735\" class=\"read-more elementor-button\">Read More<\/a><\/div><\/li><\/ul><\/div><\/div><!-- .media --><\/div><!-- .media-body --><\/div><!-- .blog-inner --><\/div><!-- .col \/ .owl-carousel-item \/ .isotope --><\/div><!-- .row --><div class=\"row\"><div class=\"col-lg-12 col-md-12\"><div class=\"blog-inner\"><div class=\"media\"><div class=\"post-thumb\"><a href=\"https:\/\/restart.app.br\/?p=1738\" class=\"post-image-link\"><img decoding=\"async\" src=\"https:\/\/restart.app.br\/wp-content\/uploads\/elementor\/thumbs\/blog-image7-r4idvkpe9p2gysofraxcyc79qpnerqqbw5zs9l1b10.webp\" title=\"blog-image7\" alt=\"\" class=\"img-fluid squared img-fluid squared img-fluid squared img-fluid squared img-fluid squared\" \/><\/a><\/div><!-- .post-thumb --><div class=\"media-body\"><div class=\"top-meta clearfix\"><ul class=\"nav top-meta-list meta-left\"><li><div class=\"post-category\"><span class=\"before-icon fa fa-folder-o\"><\/span><a href=\"https:\/\/restart.app.br\/?cat=57\">L\u00edquido comercial<\/a><\/div><\/li><\/ul><\/div><div class=\"entry-title\"><h3 class=\"post-title-head\"><a href=\"https:\/\/restart.app.br\/?p=1738\" class=\"post-title\">Lan\u00e7amento da Wastix, primeira empresa de reciclagem de pl\u00e1stico residencial<\/a><\/h3><\/div><!-- .entry-title --><div class=\"post-excerpt\"><\/div><!-- .post-excerpt --><div class=\"bottom-meta clearfix\"><ul class=\"nav bottom-meta-list meta-left\"><li><div class=\"post-date\"><a href=\"https:\/\/restart.app.br\/?m=20250107\" ><i class=\"icon icon-calendar\"><\/i> janeiro 7, 2025<\/a><\/div><\/li><\/ul><ul class=\"nav bottom-meta-list meta-right\"><li><div class=\"post-more\"><a href=\"https:\/\/restart.app.br\/?p=1738\" class=\"read-more elementor-button\">Read More<\/a><\/div><\/li><\/ul><\/div><\/div><!-- .media --><\/div><!-- .media-body --><\/div><!-- .blog-inner --><\/div><!-- .col \/ .owl-carousel-item \/ .isotope --><\/div><!-- .row -->\t\t\t\n\t\t<\/div>\n\t\t\t\t<\/div>\n\t\t\t\t<\/div>\n\t\t<div class=\"elementor-element elementor-element-932438d e-con-full e-flex text-reveal-no e-con e-child\" data-id=\"932438d\" data-element_type=\"container\">\n\t\t\t\t<div class=\"elementor-element elementor-element-043e2a3 widget-area-right  cus-categories   elementor-widget elementor-widget-sidebar\" data-id=\"043e2a3\" data-element_type=\"widget\" data-widget_type=\"sidebar.default\">\n\t\t\t\t<div class=\"elementor-widget-container\">\n\t\t\t\t\t<div class=\"widget widget_block widget_search\"><div class=\"widget-content\"><form role=\"search\" method=\"get\" action=\"https:\/\/restart.app.br\/\" class=\"wp-block-search__button-outside wp-block-search__text-button wp-block-search\"    ><label class=\"wp-block-search__label\" for=\"wp-block-search__input-1\" >Pesquisar<\/label><div class=\"wp-block-search__inside-wrapper\" ><input class=\"wp-block-search__input\" id=\"wp-block-search__input-1\" placeholder=\"\" value=\"\" type=\"search\" name=\"s\" required \/><button aria-label=\"Pesquisar\" class=\"wp-block-search__button wp-element-button\" type=\"submit\" >Pesquisar<\/button><\/div><\/form><\/div><\/div><div class=\"widget widget_block\"><div class=\"widget-content\">\n<div class=\"wp-block-group\"><div class=\"wp-block-group__inner-container is-layout-flow wp-block-group-is-layout-flow\">\n<h2 class=\"wp-block-heading\">Posts Recentes<\/h2>\n\n\n<ul class=\"wp-block-latest-posts__list wp-block-latest-posts\"><li><a class=\"wp-block-latest-posts__post-title\" href=\"https:\/\/restart.app.br\/?p=14333\">O Futuro da gest\u00e3o de res\u00edduos: Tend\u00eancias e inova\u00e7\u00f5es<\/a><\/li>\n<li><a class=\"wp-block-latest-posts__post-title\" href=\"https:\/\/restart.app.br\/?p=14331\">Solu\u00e7\u00f5es para o desperd\u00edcio de alimentos: como economizar dinheiro e proteger o planeta<\/a><\/li>\n<li><a class=\"wp-block-latest-posts__post-title\" href=\"https:\/\/restart.app.br\/?p=1741\">Descarte \u00e0 energia: uma guia para a promo\u00e7\u00e3o de um descarte sustent\u00e1vel<\/a><\/li>\n<li><a class=\"wp-block-latest-posts__post-title\" href=\"https:\/\/restart.app.br\/?p=1738\">Lan\u00e7amento da Wastix, primeira empresa de reciclagem de pl\u00e1stico residencial<\/a><\/li>\n<li><a class=\"wp-block-latest-posts__post-title\" href=\"https:\/\/restart.app.br\/?p=1735\">O impacto ambiental do dep\u00f3sito impr\u00f3prio de lixo<\/a><\/li>\n<\/ul><\/div><\/div>\n<\/div><\/div><div class=\"widget widget_block\"><div class=\"widget-content\">\n<div class=\"wp-block-group\"><div class=\"wp-block-group__inner-container is-layout-flow wp-block-group-is-layout-flow\">\n<h2 class=\"wp-block-heading\">Coment\u00e1rios Recentes<\/h2>\n\n\n<div class=\"no-comments wp-block-latest-comments\">Nenhum coment\u00e1rio para mostrar.<\/div><\/div><\/div>\n<\/div><\/div><div class=\"widget widget_block\"><div class=\"widget-content\">\n<div class=\"wp-block-group\"><div class=\"wp-block-group__inner-container is-layout-flow wp-block-group-is-layout-flow\">\n<h2 class=\"wp-block-heading\">Arquivos<\/h2>\n\n\n<ul class=\"wp-block-archives-list wp-block-archives\">\t<li><a href='https:\/\/restart.app.br\/?m=202503'>mar\u00e7o 2025<\/a><\/li>\n\t<li><a href='https:\/\/restart.app.br\/?m=202501'>janeiro 2025<\/a><\/li>\n<\/ul><\/div><\/div>\n<\/div><\/div><div class=\"widget widget_block\"><div class=\"widget-content\">\n<div class=\"wp-block-group\"><div class=\"wp-block-group__inner-container is-layout-flow wp-block-group-is-layout-flow\">\n<h2 class=\"wp-block-heading\">Categorias<\/h2>\n\n\n<ul class=\"wp-block-categories-list wp-block-categories\">\t<li class=\"cat-item cat-item-55\"><a href=\"https:\/\/restart.app.br\/?cat=55\">Aluguel de ca\u00e7amba de lixo<\/a>\n<\/li>\n\t<li class=\"cat-item cat-item-54\"><a href=\"https:\/\/restart.app.br\/?cat=54\">Descarte Comercial<\/a>\n<\/li>\n\t<li class=\"cat-item cat-item-56\"><a href=\"https:\/\/restart.app.br\/?cat=56\">Descarte residencial<\/a>\n<\/li>\n\t<li class=\"cat-item cat-item-57\"><a href=\"https:\/\/restart.app.br\/?cat=57\">L\u00edquido comercial<\/a>\n<\/li>\n\t<li class=\"cat-item cat-item-19\"><a href=\"https:\/\/restart.app.br\/?cat=19\">Residential Waste<\/a>\n<\/li>\n\t<li class=\"cat-item cat-item-20\"><a href=\"https:\/\/restart.app.br\/?cat=20\">Retail And Institutional<\/a>\n<\/li>\n\t<li class=\"cat-item cat-item-58\"><a href=\"https:\/\/restart.app.br\/?cat=58\">Varejo e institucional<\/a>\n<\/li>\n<\/ul><\/div><\/div>\n<\/div><\/div><div class=\"widget wastbin_latest_post_widget\"><div class=\"widget-content\"><h3 class=\"widget-title subheading heading-size-3\">Latest Posts<\/h3>\t\t\t<div class=\"widg-content\">\r\n\t\t\t\t<ul class=\"side-newsfeed\">\r\n\t\t\t\t\r\n\t\t\t\t\t\t\t\t\t\t\t\t\t\t<li>\t\t\t\t\t\r\n\t\t\t\t\t\t<div class=\"side-item\">\r\n\t\t\t\t\t\t\t<div class=\"side-image\">\r\n\t\t\t\t\t\t\t\t\t\t\t\t\t\t\t<a href=\"https:\/\/restart.app.br\/?p=14333\" rel=\"bookmark\"><img decoding=\"async\" width=\"80\" height=\"53\" src=\"https:\/\/restart.app.br\/wp-content\/uploads\/2025\/03\/blog-image05.webp\" class=\"img-responsive wp-post-image\" alt=\"\" srcset=\"https:\/\/restart.app.br\/wp-content\/uploads\/2025\/03\/blog-image05.webp 1200w, https:\/\/restart.app.br\/wp-content\/uploads\/2025\/03\/blog-image05-600x400.webp 600w\" sizes=\"(max-width: 80px) 100vw, 80px\" \/><\/a>\r\n\t\t\t\t\t\t\t\t\t\t\t\t\t\t<\/div>\r\n\t\t\t\t\t\t\t<div class=\"side-item-text\">\r\n\t\t\t\t\t\t\t\t<a class=\"themeh-color\" href=\"https:\/\/restart.app.br\/?p=14333\" rel=\"bookmark\">O Futuro da gest\u00e3o de res\u00edduos: Tend\u00eancias e inova\u00e7\u00f5es<\/a>\r\n\t\t\t\t\t\t\t\t<div class=\"comments-wrap\">\r\n\t\t\t\t\t\t\t\t\t<div class=\"meta-left\">\r\n\t\t\t\t\t\t\t\t\t\t<span class=\"\">mar\u00e7o 17, 2025<\/span>\t\t\t\t\t\t\t\t\t\t\r\n\t\t\t\t\t\t\t\t\t<\/div>\t\t\t\t\t\t\t\t\t\r\n\t\t\t\t\t\t\t\t<\/div>\r\n\t\t\t\t\t\t\t<\/div>\r\n\t\t\t\t\t\t<\/div>\t\t\t\t\t\r\n\t\t\t\t\t<\/li>\r\n\t\t\t\t\r\n\t\t\t\t\t\t\t\t\t\t\t\t\t\t<li>\t\t\t\t\t\r\n\t\t\t\t\t\t<div class=\"side-item\">\r\n\t\t\t\t\t\t\t<div class=\"side-image\">\r\n\t\t\t\t\t\t\t\t\t\t\t\t\t\t\t<a href=\"https:\/\/restart.app.br\/?p=14331\" rel=\"bookmark\"><img decoding=\"async\" width=\"80\" height=\"53\" src=\"https:\/\/restart.app.br\/wp-content\/uploads\/2025\/03\/blog-image01.webp\" class=\"img-responsive wp-post-image\" alt=\"\" srcset=\"https:\/\/restart.app.br\/wp-content\/uploads\/2025\/03\/blog-image01.webp 1200w, https:\/\/restart.app.br\/wp-content\/uploads\/2025\/03\/blog-image01-600x400.webp 600w\" sizes=\"(max-width: 80px) 100vw, 80px\" \/><\/a>\r\n\t\t\t\t\t\t\t\t\t\t\t\t\t\t<\/div>\r\n\t\t\t\t\t\t\t<div class=\"side-item-text\">\r\n\t\t\t\t\t\t\t\t<a class=\"themeh-color\" href=\"https:\/\/restart.app.br\/?p=14331\" rel=\"bookmark\">Solu\u00e7\u00f5es para o desperd\u00edcio de alimentos: como economizar dinheiro e proteger o planeta<\/a>\r\n\t\t\t\t\t\t\t\t<div class=\"comments-wrap\">\r\n\t\t\t\t\t\t\t\t\t<div class=\"meta-left\">\r\n\t\t\t\t\t\t\t\t\t\t<span class=\"\">mar\u00e7o 17, 2025<\/span>\t\t\t\t\t\t\t\t\t\t\r\n\t\t\t\t\t\t\t\t\t<\/div>\t\t\t\t\t\t\t\t\t\r\n\t\t\t\t\t\t\t\t<\/div>\r\n\t\t\t\t\t\t\t<\/div>\r\n\t\t\t\t\t\t<\/div>\t\t\t\t\t\r\n\t\t\t\t\t<\/li>\r\n\t\t\t\t\r\n\t\t\t\t\t\t\t\t\t\t\t\t\t\t<li>\t\t\t\t\t\r\n\t\t\t\t\t\t<div class=\"side-item\">\r\n\t\t\t\t\t\t\t<div class=\"side-image\">\r\n\t\t\t\t\t\t\t\t\t\t\t\t\t\t\t<a href=\"https:\/\/restart.app.br\/?p=1741\" rel=\"bookmark\"><img loading=\"lazy\" decoding=\"async\" width=\"80\" height=\"53\" src=\"https:\/\/restart.app.br\/wp-content\/uploads\/2025\/03\/blog-image3.webp\" class=\"img-responsive wp-post-image\" alt=\"\" srcset=\"https:\/\/restart.app.br\/wp-content\/uploads\/2025\/03\/blog-image3.webp 1200w, https:\/\/restart.app.br\/wp-content\/uploads\/2025\/03\/blog-image3-600x400.webp 600w\" sizes=\"(max-width: 80px) 100vw, 80px\" \/><\/a>\r\n\t\t\t\t\t\t\t\t\t\t\t\t\t\t<\/div>\r\n\t\t\t\t\t\t\t<div class=\"side-item-text\">\r\n\t\t\t\t\t\t\t\t<a class=\"themeh-color\" href=\"https:\/\/restart.app.br\/?p=1741\" rel=\"bookmark\">Descarte \u00e0 energia: uma guia para a promo\u00e7\u00e3o de um descarte sustent\u00e1vel<\/a>\r\n\t\t\t\t\t\t\t\t<div class=\"comments-wrap\">\r\n\t\t\t\t\t\t\t\t\t<div class=\"meta-left\">\r\n\t\t\t\t\t\t\t\t\t\t<span class=\"\">janeiro 7, 2025<\/span>\t\t\t\t\t\t\t\t\t\t\r\n\t\t\t\t\t\t\t\t\t<\/div>\t\t\t\t\t\t\t\t\t\r\n\t\t\t\t\t\t\t\t<\/div>\r\n\t\t\t\t\t\t\t<\/div>\r\n\t\t\t\t\t\t<\/div>\t\t\t\t\t\r\n\t\t\t\t\t<\/li>\r\n\t\t\t\t\r\n\t\t\t\t\t\t\t\t\t\t\t\t\t\t\t\t\r\n\t\t\t\t<\/ul>\r\n\t\t\t<\/div>\r\n\t\t\t\r\n\t\t<\/div><\/div><div class=\"widget widget_block\"><div class=\"widget-content\">\n<div class=\"wp-block-group\"><div class=\"wp-block-group__inner-container is-layout-constrained wp-block-group-is-layout-constrained\">\n<h2 class=\"wp-block-heading\">Tags Populares<\/h2>\n<\/div><\/div>\n<\/div><\/div><div class=\"widget widget_block widget_tag_cloud\"><div class=\"widget-content\"><p style=\"font-style:normal;font-weight:600;\" class=\"is-style-default wp-block-tag-cloud\"><a href=\"https:\/\/restart.app.br\/?tag=coffee\" class=\"tag-cloud-link tag-link-21 tag-link-position-1\" style=\"font-size: 8pt;\" aria-label=\"Coffee (1 item)\">Coffee<\/a>\n<a href=\"https:\/\/restart.app.br\/?tag=commercial\" class=\"tag-cloud-link tag-link-22 tag-link-position-2\" style=\"font-size: 18.5pt;\" aria-label=\"Commercial (3 itens)\">Commercial<\/a>\n<a href=\"https:\/\/restart.app.br\/?tag=food\" class=\"tag-cloud-link tag-link-23 tag-link-position-3\" style=\"font-size: 18.5pt;\" aria-label=\"Food (3 itens)\">Food<\/a>\n<a href=\"https:\/\/restart.app.br\/?tag=garbage\" class=\"tag-cloud-link tag-link-24 tag-link-position-4\" style=\"font-size: 18.5pt;\" aria-label=\"Garbage (3 itens)\">Garbage<\/a>\n<a href=\"https:\/\/restart.app.br\/?tag=green\" class=\"tag-cloud-link tag-link-25 tag-link-position-5\" style=\"font-size: 8pt;\" aria-label=\"Green (1 item)\">Green<\/a>\n<a href=\"https:\/\/restart.app.br\/?tag=industry\" class=\"tag-cloud-link tag-link-26 tag-link-position-6\" style=\"font-size: 18.5pt;\" aria-label=\"Industry (3 itens)\">Industry<\/a>\n<a href=\"https:\/\/restart.app.br\/?tag=recycle\" class=\"tag-cloud-link tag-link-27 tag-link-position-7\" style=\"font-size: 22pt;\" aria-label=\"Recycle (4 itens)\">Recycle<\/a>\n<a href=\"https:\/\/restart.app.br\/?tag=recycling\" class=\"tag-cloud-link tag-link-28 tag-link-position-8\" style=\"font-size: 8pt;\" aria-label=\"Recycling (1 item)\">Recycling<\/a>\n<a href=\"https:\/\/restart.app.br\/?tag=sustainability\" class=\"tag-cloud-link tag-link-29 tag-link-position-9\" style=\"font-size: 8pt;\" aria-label=\"Sustainability (1 item)\">Sustainability<\/a>\n<a href=\"https:\/\/restart.app.br\/?tag=waste\" class=\"tag-cloud-link tag-link-32 tag-link-position-10\" style=\"font-size: 18.5pt;\" aria-label=\"Waste (3 itens)\">Waste<\/a><\/p><\/div><\/div><div class=\"widget widget_block\"><div class=\"widget-content\"><div class=\"sidebar-broucher\">\n    <ul class=\"broucher-option clearfix\">\n       <li>\n            <div class=\"media\">\n                <div class=\"media-left mr-3\">\n                    <div class=\"doc-icon\"><i class=\"fa fa-file-pdf-o\"><\/i><\/div>\n                <\/div>\n                <div class=\"media-body\">\n                    <p class=\"mb-1\">Broucher.doc<\/p>\n                    <span>78 KB<\/span>\n                    <div class=\"icon-box\"><a href=\"#\"><i class=\"bi-download\"><\/i><\/a><\/div>\n                <\/div>\n            <\/div>\n        <\/li>\n        <li>\n            <div class=\"media\">\n                <div class=\"media-left mr-3\">\n                    <div class=\"doc-icon\"><i class=\"fa fa-file-pdf-o\"><\/i><\/div>\n                <\/div>\n                <div class=\"media-body\">\n                    <p class=\"mb-1\">Company Flow.pdf<\/p>\n                    <span>58 KB<\/span>\n                <div class=\"icon-box\"><a href=\"#\"><i class=\"bi-download\"><\/i><\/a><\/div>\n                <\/div>\n            <\/div>\n        <\/li>\n    <\/ul>\n<\/div><\/div><\/div><div class=\"widget widget_block\"><div class=\"widget-content\">\n<div class=\"wp-block-columns cus-cta-widget is-layout-flex wp-container-core-columns-is-layout-9d6595d7 wp-block-columns-is-layout-flex\">\n<div class=\"wp-block-column cus-cta-widget has-background is-layout-flow wp-block-column-is-layout-flow\" style=\"background-color:#031818\"><div class=\"wp-block-image\">\n<figure class=\"aligncenter size-full\"><img loading=\"lazy\" decoding=\"async\" width=\"300\" height=\"85\" src=\"https:\/\/restart.app.br\/wp-content\/uploads\/2025\/04\/Logo-Reestart-300por85-Branco.png\" alt=\"\" class=\"wp-image-91917\"\/><\/figure>\n<\/div>\n\n\n<h4 class=\"wp-block-heading has-text-align-center has-text-color has-link-color wp-elements-546d6f9e41a374c1f786f53c532f518b\" style=\"color:#ffffff\">Descarte de forma respons\u00e1vel! <\/h4>\n\n\n\n<h4 class=\"wp-block-heading has-text-align-center has-text-color has-link-color wp-elements-51544970cd85dc3ba30ef41fb4c786f6\" style=\"color:#ffffff\">Ligue para n\u00f3s!<\/h4>\n\n\n\n<div class=\"wp-block-buttons is-content-justification-center is-layout-flex wp-container-core-buttons-is-layout-8057eaf3 wp-block-buttons-is-layout-flex\">\n<div class=\"wp-block-button is-style-fill\"><a class=\"wp-block-button__link has-background has-medium-font-size has-text-align-center has-custom-font-size wp-element-button\" style=\"border-radius:6px;background-color:#adcd63\">Entrar em contato<\/a><\/div>\n<\/div>\n<\/div>\n<\/div>\n<\/div><\/div>\t\t\t\t<\/div>\n\t\t\t\t<\/div>\n\t\t\t\t<\/div>\n\t\t\t\t\t<\/div>\n\t\t\t\t<\/div>\n\t\t\t\t<\/div>\n\t\t","protected":false},"excerpt":{"rendered":"","protected":false},"author":1,"featured_media":0,"parent":0,"menu_order":0,"comment_status":"closed","ping_status":"closed","template":"","meta":{"footnotes":""},"class_list":["post-1799","page","type-page","status-publish","hentry"],"_links":{"self":[{"href":"https:\/\/restart.app.br\/index.php?rest_route=\/wp\/v2\/pages\/1799","targetHints":{"allow":["GET"]}}],"collection":[{"href":"https:\/\/restart.app.br\/index.php?rest_route=\/wp\/v2\/pages"}],"about":[{"href":"https:\/\/restart.app.br\/index.php?rest_route=\/wp\/v2\/types\/page"}],"author":[{"embeddable":true,"href":"https:\/\/restart.app.br\/index.php?rest_route=\/wp\/v2\/users\/1"}],"replies":[{"embeddable":true,"href":"https:\/\/restart.app.br\/index.php?rest_route=%2Fwp%2Fv2%2Fcomments&post=1799"}],"version-history":[{"count":0,"href":"https:\/\/restart.app.br\/index.php?rest_route=\/wp\/v2\/pages\/1799\/revisions"}],"wp:attachment":[{"href":"https:\/\/restart.app.br\/index.php?rest_route=%2Fwp%2Fv2%2Fmedia&parent=1799"}],"curies":[{"name":"wp","href":"https:\/\/api.w.org\/{rel}","templated":true}]}}